ppose -i - 2 = -3*n. Suppose n*s - 34 = -1. What is the tens digit of s?
1
Let z(w) = w**2 + 5*w - 26. What is the units digit of z(-12)?
8
Let d be (-40)/15*-1*3. Let b(n) = n**3 - 9*n**2 + 10*n - 12. What is the units digit of b(d)?
4
Let j be (8/(-10))/((-8)/20). Let h(x) = 4*x + 2. Let v be h(j). Let a = v + -6. What is the units digit of a?
4
Let f = -72 + 129. What is the units digit of f?
7
What is the tens digit of 6/(-4) - 1467/(-18)?
8
Let z = 42 + 209. What is the units digit of z?
1
Suppose 0 = f + 2*y, 5*f - 6*y = -y - 15. Let w be (-23)/(-5) + f/(-5). Let k(o) = -o**2 + 8*o. What is the tens digit of k(w)?
1
Let d(c) = -10*c - 42. What is the units digit of d(-19)?
8
Suppose 3*x = -a, 14 = -2*a + 6*a - 2*x. Suppose 0*i - a = -i. Suppose i*n + 3*s - 33 = 0, 2*n + 2*n - 3*s = 37. What is the units digit of n?
0
What is the units digit of -3 - -7 - (-38)/2?
3
Let q = -21 - -48. What is the units digit of q?
7
Suppose -5*s - 10 = 0, 4*b - 20 = -2*s - 4. Suppose -4*j + 3*x = 3, -3*x + 6*x = b*j. Suppose 6*h - j*h - 6 = 0. What is the units digit of h?
2
Suppose 2 = -f - x, 2*f + 0*x - 2 = x. Suppose 0 = -h + 2*q + 3, f = q - 2*q - 1. What is the units digit of h?
1
Suppose -2*u = 2*p - 434, -4*u - p = -0*p - 856. What is the hundreds digit of u?
2
Let j(c) = 31*c**3 - c**2 + 1. Let p(x) = -x**2 - 6*x + 1. Let d be p(-6). Let y be j(d). Let a = -19 + y. What is the tens digit of a?
1
Let h be (2 + -4)*-2 - -1. Suppose u + 10 = h*f, 4*f - 22 = 3*u - 5*u. Suppose 0 = 4*w - 15 - u. What is the units digit of w?
5
Let i = 5 + -11. Let o = 11 + i. Suppose -f - 4*c + 3*c = -7, -29 = -3*f - o*c. What is the units digit of f?
3
What is the units digit of (-31380)/(-165) - (2 - 20/11)?
0
Let z(a) = -a**3 - 5*a**2 + 10*a - 2. What is the tens digit of z(-7)?
2
Let s(t) = 21*t**3 - t + 2. What is the units digit of s(1)?
2
Suppose -3*t + 40 = -8*t. Let m(l) = l**3 + 9*l**2 + 6*l - 5. What is the units digit of m(t)?
1
Let g be (-321)/(-6) + 3/6. Suppose -4*j + j = -g. What is the units digit of j?
8
Let p = -2 + 2. Suppose h = -p*h + 3. Suppose 4*b = -4*w - 4 + 16, -b - 9 = -h*w. What is the units digit of w?
3
Suppose -2*l + 14 = -2. What is the units digit of l?
8
Let b(y) = y**3 - 6*y + 9. What is the tens digit of b(6)?
8
Let a = -3 + 5. Suppose 0 = o + o - a. What is the units digit of o?
1
Let b = 53 - 46. What is the units digit of b?
7
Let i be (-2)/(-10) - (-1)/(-5). Suppose 2*y + u = i, -y = 2*y - 3*u. Suppose n - 4 = -y*n. What is the units digit of n?
4
Suppose 20 = 4*z - 52. Let f be 2/(-4)*z/(-3). Suppose 2*h + 49 = f*l, 0 = -l - 2*h + 4*h + 11. What is the tens digit of l?
1
Let k be (-2)/5 - 6/10. Let r = k + 1. Let c = 1 - r. What is the units digit of c?
1
Let p(f) = 4*f + 3*f**2 + f**2 - 2*f**2 - 3. Let h be p(2). Suppose -3*c + h - 4 = 0. What is the units digit of c?
3
Let k(s) = 8*s**3 - s + 1. Let p be (5/(-2))/((-2)/4). Suppose 5*j + 0 - p = 0. What is the units digit of k(j)?
8
Suppose -3*f - 13 - 14 = 0. Let m be (-3)/5*-5*7. Let j = f + m. What is the tens digit of j?
1
What is the tens digit of 39 + (-6)/3 - 2?
3
Let q be 7/((-2)/(-8)*-2). Let x = q + 20. What is the units digit of x?
6
Let v(t) = t**2 - 2*t + 5. Let n = 0 + 4. Let a = 8 - n. What is the tens digit of v(a)?
1
Let w(y) = -11*y - 2. What is the units digit of w(-2)?
0
Suppose t - 105 = -z, 2*z - 6*t = -t + 189. What is the hundreds digit of z?
1
Let u = -4 + 8. What is the tens digit of u/18 + (-1246)/(-63)?
2
What is the hundreds digit of 297/(-36)*(-184)/6?
2
What is the units digit of 1 + (-7175)/(-91) + 4/26?
0
Let k be (1 + 1)*5/2. Let w(v) = v - 6. Let n be w(k). What is the units digit of (-2 + 2 - -8) + n?
7
Let q be -4 + 2 + 6 + 0. Let l(b) = 2*b. What is the units digit of l(q)?
8
Let k(w) = -w + 6. Let s be k(5). Let j be s + -2 + (-1 - -44). Suppose 3*l + 45 = 3*n - 0*l, 0 = 2*n - 5*l - j. What is the tens digit of n?
1
Suppose -3*f + 94 = 5*i, 0 = i - 3*i + 3*f + 46. What is the tens digit of i?
2
Let q = -26 + 68. What is the tens digit of q?
4
Let f(p) = -8*p**2 - 1. Suppose 5*d - 12 = -2*z, -3*z = 2*d - 4*d + 1. Let m be f(z). Let q(s) = -s - 4. What is the units digit of q(m)?
5
Let o be -1*(-2 + -1 + -1). Suppose 4*m - k = 23, o*k - 9 - 11 = 0. What is the units digit of m?
7
Suppose 18 = 2*f - 14. Let o(b) = b**3 + 2*b**2 - 5*b - 2. Let y be o(-3). Suppose y*l + 0 = f. What is the units digit of l?
4
Let n(i) = i**3 - 7*i**2 + 6*i + 3. Let o be n(6). What is the units digit of o/(6/(-4)) - -7?
5
Suppose t + 2*t - 12 = 0. Suppose -3*q + t = h, -3*h - 6 = -0*h + 3*q. What is the tens digit of ((-14)/h)/(3/15)?
1
Let o = 0 - -3. Let f(i) = i**3 - 3*i**2 + 3. What is the units digit of f(o)?
3
Let n = 12 - 0. Suppose -5*t + 14 = -11. Suppose -p - n = -t*p. What is the units digit of p?
3
Let v = -11 + 14. Suppose -2*f + 16 = 2*f. Suppose v = p - f. What is the units digit of p?
7
Let f(z) = -2*z - 2. Let a be f(11). Let p = a + 50. Suppose -2 = s + 4*l + 12, s = 4*l + p. What is the units digit of s?
6
Let d(z) be the first derivative of 2*z**3/3 + 7*z**2/2 + 5*z + 3. Suppose 0*f + 5*f = -20. What is the units digit of d(f)?
9
What is the tens digit of 3/2*(0 + 18)?
2
Let q(b) = 2*b**2 - 12*b - 20. What is the tens digit of q(12)?
2
Let s(j) = -2*j - 4. Let b be s(-5). Suppose -b = 3*t - 51. What is the units digit of t?
5
Suppose -8 = -4*r - c, 7*r - 2*r - 10 = -3*c. Let d be ((-26)/(-8))/(r/8). Suppose f - d = -5. What is the units digit of f?
8
Let l = 4 - -6. Suppose -l - 6 = -b. Suppose -2*q + 0*q + b = 0. What is the units digit of q?
8
Let m(l) = l + 1. Let t(h) = h**2 + h. Let p be t(0). Let a be m(p). What is the units digit of 1 + 2 + 2 + a?
6
Suppose 5*z + 10 = -4*s, 4*s - 2*s - z = 2. Let j = -1 - s. What is the units digit of j/((2 + 0)/(-6))?
3
Suppose -2*w + 12 = -4*m, -3*w - 4*m = -0*w - 18. What is the units digit of w?
6
Let v(t) = t**3 + 16. Let q be v(0). Suppose -4 = -x + q. What is the units digit of x?
0
Let t(n) = 3*n - 16. Let i be t(12). Suppose -3*a = -i - 7. What is the units digit of a?
9
Let w(t) = -t**2 - 11*t + 6. What is the units digit of w(-11)?
6
Let h be -150*(-6)/(-45)*-3. Suppose h = 4*p - p. What is the tens digit of p?
2
Let j(m) = -m**3 - 11*m**2 - 11*m - 9. Let q be j(-10). What is the units digit of 17 - (-1)/((-1)/q)?
6
Suppose 0 = 2*y - y - 78. What is the tens digit of y?
7
Let j = 93 - -325. What is the tens digit of j?
1
Suppose 0*p + 3*p = -3*w + 18, 0 = -p + 3*w - 2. Let v = 9 - p. What is the units digit of v?
5
Let s(i) = 12*i - 4. What is the tens digit of s(2)?
2
Let d = 5 + -7. Let r = d + 6. Suppose 4*x - 2*o - 14 = o, -r*x + 18 = -5*o. What is the units digit of x?
2
Let y = -153 + 316. What is the tens digit of y?
6
Suppose 2*p - y - 223 = 200, y = 3*p - 634. What is the tens digit of p?
1
Let w = 63 + -26. What is the units digit of w?
7
Let v(j) be the second derivative of j**7/840 - j**6/360 + j**5/120 - j**4/12 + 3*j. Let i(m) be the third derivative of v(m). What is the tens digit of i(-2)?
1
Suppose 20 = 2*w + 2*q, -3*w + 2*q - 5 = -2*q. Suppose 4*j - w*c - 23 = 0, -2*j + 40 = 3*j + 5*c. What is the units digit of j?
7
Let y(x) = -x**3 - 5*x**2 + 3*x - 1. Let k = -14 - -8. Let j be y(k). Suppose 4*s = -i + j, -5*s + 22 = i + i. What is the units digit of i?
1
Let w(k) = 3*k**2 - k - 9. Let g(m) = m**2 + m. Let t(z) = -2*g(z) + w(z). What is the tens digit of t(-4)?
1
Let y = -387 - -692. What is the hundreds digit of y?
3
Suppose 75 + 15 = 2*g. What is the tens digit of g?
4
Suppose 0*y + 5*y - 44 = 2*m, -3*m = 6. Let v = y + -3. What is the units digit of v?
5
Suppose 0*q - 720 = -9*q. What is the units digit of q?
0
Suppose -2*g = -8 - 4. Let b = 13 + -8. Suppose -4*m = -b*n + 15, 2*n + 4*m = -0 + g. What is the units digit of n?
3
What is the tens digit of 198/4 - 12/24?
4
Let o(p) = 2*p - 1. Let w be o(2). Suppose y - w*q = 6*y - 29, -3*y = 2*q - 18. What is the units digit of (-1)/(-2) + 2/y?
1
Suppose g = -5*t + 11 + 12, -t + 5*g - 11 = 0. Let s = 2 - t. Let u = s - -5. What is the units digit of u?
3
Let t(l) = 4 - 5 - 11*l + l**2 + 8 + 8. What is the units digit of t(11)?
5
Let l(c) = -c**3 - c**2 + 5*c + 2. Let v be l(-3). Suppose -2*o = v*i + 27, 0*i - 8 = 4*i 